vided by ((-15)/2)/(2/(-4))?
13
What is the remainder when 111 is divided by (2/6)/((-16)/(-768))?
15
Suppose -6*c - 5 = -c. Let r(o) = -16*o**3 - o**2 + 1. Calculate the remainder when r(c) is divided by -1*9*3/(-3).
7
Suppose 6*n = -0*n + 210. What is the remainder when 139 is divided by n?
34
Let q = -55 + 35. Let t = q + 33. What is the remainder when 25 is divided by t?
12
Suppose 90 = 2*g - 3*h, -4*h + 69 - 13 = g. Suppose 0 = -3*y - 3*p + g, -y - 4*p + 2*p = -21. Calculate the remainder when 31 is divided by y.
9
Suppose 0 = -2*y + 4*m + 92, y + 5*m - 46 = -0*y. Calculate the remainder when 135 is divided by y.
43
Let i = 1 - 1. Suppose 0 = 5*u + 3*l - 104, i = -5*u + u - 2*l + 84. Let s = -13 + u. What is the remainder when 26 is divided by s?
8
Let c(m) = -m**3 + 6*m**2 + 2*m - 8. Let d be c(6). Let t = d + 1. Suppose -2 = -s, 0 = -t*j + s - 4*s + 136. What is the remainder when j is divided by 9?
8
Let f(i) = 13*i**3 + 3*i - 3. Let q(s) = -5*s + 2. What is the remainder when q(-7) is divided by f(1)?
11
Let k(a) = a**2 - 3*a + 1. Let l be k(3). Suppose -g + l = 2*t - 9, -3*t = 4*g - 20. Calculate the remainder when t is divided by 2.
0
Let u(c) = -c**3 + 6*c**2 - c - 3. Let g be u(5). Suppose -2*i = -i - g. Calculate the remainder when 50 is divided by i.
16
Let o = 60 - -24. What is the remainder when o is divided by 17?
16
Calculate the remainder when 37 is divided by (3 + -1)/((-2)/(-19)).
18
What is the remainder when 8 is divided by ((-1)/(-1))/((-4)/(-20))?
3
Suppose 4*x - 15 = -3*j + 1, -4*x + 24 = 4*j. Suppose -2*q = 6*q - 232. Calculate the remainder when q is divided by j.
5
Let z = -1 - -13. Suppose -8 + z = b. Calculate the remainder when b is divided by 2.
0
Let w(g) = g**3 + 3*g**2 + 2*g + 8. Calculate the remainder when 11 is divided by w(-2).
3
Suppose -4*u + 24 = 4. Suppose 173 + 12 = -u*j - 4*c, -5*j + 4*c = 145. Let b = j - -64. What is the remainder when b is divided by 11?
9
Let z(l) = l + 4. Let g(i) = -i - 4. Let o(u) = -5*g(u) - 6*z(u). Suppose 19 = -5*b + 2*d - 15, b = -4*d + 2. Calculate the remainder when 5 is divided by o(b).
1
Let l = 7 - -6. Suppose -4*n + 3*h = -l, 5*n - 4*h + 0 = 15. Let a(c) = c**3 + 7*c**2 + 5*c + 7. Calculate the remainder when a(-6) is divided by n.
6
Let n(z) = -z**3 - 11*z**2 - 17*z + 10. Calculate the remainder when 4 is divided by n(-9).
0
Let r(f) = f**3 + 2*f**2 - 2*f - 1. Let s be r(-2). Suppose s = v + 1. What is the remainder when 3 is divided by v?
1
Let a = 115 + -71. What is the remainder when a is divided by 9?
8
Let b = 2 + -2. Suppose d - 24 = -m, b*d = m + 4*d - 36. Suppose 10*t - m = 6*t. Calculate the remainder when 13 is divided by t.
3
Let z(f) = 3*f**3 + f - 2. Calculate the remainder when 4 is divided by z(1).
0
Let x be (3/2)/(4/(-40)). Calculate the remainder when x*-1*(-1 - -2) is divided by 8.
7
Let q(j) = j**2 - 4. Let t be q(-3). Suppose -2*s = -m + 10, t*m - 4*s - 74 = -0*m. What is the remainder when 50 is divided by m/(-9)*34/(-4)?
16
Suppose -j + 4*j - 4*b = -5, 4*b - 45 = -5*j. Suppose 0 = -5*s + 4*n + 38, -j*s - 5*n + 14 = -s. What is the remainder when 17 is divided by s?
5
Let s(b) = 10*b. Let y be s(-1). Let c be (8/y)/(4/(-30)). Let v = 3 + c. Calculate the remainder when 34 is divided by v.
7
Suppose 136 = -i + 9*i. Calculate the remainder when 47 is divided by i.
13
Let c(j) be the third derivative of -j**4/24 - j**3 + 3*j**2. Let i be c(-9). Suppose i*r = -0*r + 21. Calculate the remainder when 20 is divided by r.
6
Suppose j - 14 = 5*g, -5*g - 30 = -3*j - 2*g. Let f = -11 + 14. Suppose c = -f*t + 18, -c + 0*c + 5*t + 34 = 0. Calculate the remainder when c is divided by j.
6
Calculate the remainder when (66/30)/(1/5) is divided by 7.
4
Let q(s) be the third derivative of s**5/30 + 11*s**4/24 - s**3 - 4*s**2. What is the remainder when q(-8) is divided by 9?
7
Let n be -2 + 50 + (-12)/(-3). What is the remainder when 29 is divided by (-30)/45 + n/6?
5
Let p be (-14)/4 - (-1)/(-2). Let f = p + 6. Calculate the remainder when 5 is divided by f.
1
Let h(u) = 8*u - 3. Let z be 88/20 - 6/15. Let f(q) = 2*q**3 - 6*q**2 + 2*q - 4. Calculate the remainder when f(z) is divided by h(2).
10
Let a(r) = -1 + 3*r - 2 + 0*r + 5*r**2. Let v(l) = -9*l**3 - l**2 + l + 1. What is the remainder when a(2) is divided by v(-1)?
7
Suppose -18 + 96 = 6*c. Calculate the remainder when 49 is divided by c.
10
Suppose 17*b = 197 + 24. Let k(y) = 5*y**2 + 2*y + 1. What is the remainder when b is divided by k(-1)?
1
Let l = 25 + -22. What is the remainder when 9 is divided by l?
0
Let i be 3/(-6) - 354/(-4). Let g = i + -54. What is the remainder when g is divided by 12?
10
Let r be 2/4*-2 - -7. Let x(w) = w**2 + 4*w - 3. What is the remainder when x(-9) is divided by (-22)/r*(-4 - -1)?
9
Suppose 0 = -4*p + 6*p - 78. Suppose 2*h = h + p. Calculate the remainder when h is divided by 10.
9
Let b be 5 + (-1)/(1 + 0). Suppose w + b*v + 42 = 6*w, -2*w + 27 = -5*v. What is the remainder when -1 + w/3 - -18 is divided by 7?
5
Let a = 18 + 26. What is the remainder when a is divided by 23?
21
Suppose -5*n - 30 = -5*h, 7*n = -4*h + 3*n + 24. Let t be 16/6 + 2/(-3). Suppose h*f - t*f = 32. What is the remainder when f is divided by 5?
3
Let p be ((-4)/6)/((-2)/(-6)). Suppose 0*u + 5*u - 20 = 0. What is the remainder when u is divided by 2 + p + (2 - 0)?
0
Let y(o) = 2*o**2 + 8*o + 3. What is the remainder when y(5) is divided by 32?
29
Suppose 5*w - 8 = 2. Suppose 0 = x - 2*n - w, 20 = 4*x + 5*n - 1. Calculate the remainder when 1/(210/(-110) - (-2)/1) is divided by x.
3
Let h(d) be the second derivative of d**3/6 + d**2/2 - d. Calculate the remainder when 52 is divided by h(17).
16
Let d = -19 + 22. Let p(q) = -q**3 - 7*q**2 - 8*q - 7. Let b be p(-6). Let o = b - 2. What is the remainder when o is divided by d?
0
Let p(t) = -2*t - 5. Let n(u) = u**3 - 9*u**2 - 10*u - 8. Let y be n(10). Let o be p(y). Let s = o - 2. What is the remainder when 17 is divided by s?
8
Suppose 0 = 2*t + 3*t - 145. Let x = -198 - -284. What is the remainder when x is divided by t?
28
Let o = 14 - 3. Suppose -86 - 24 = -5*x - 3*n, 3*n + 80 = 5*x. What is the remainder when x is divided by o?
8
Suppose 0 = -3*g - g + 4. What is the remainder when 38 is divided by 36/3 + g - 0?
12
Let n = 52 + -1. Suppose 0 = -4*m + 2*h + h + n, -4*h - 4 = 0. Calculate the remainder when 46 is divided by m.
10
Let i = -3 - -4. What is the remainder when (-2)/i*(-10 - -4) is divided by 6 + (-1 - (2 - 4))?
5
Let i = 40 + -33. Calculate the remainder when 26 is divided by i.
5
Suppose 16 = 4*c - 24. Let p(s) = 19*s**2 - 1. Calculate the remainder when p(-1) is divided by c.
8
Let x(d) be the first derivative of d**4/2 + d**3/3 + 3*d**2/2 - 3*d - 3. What is the remainder when x(2) is divided by 6?
5
Suppose -3*i = 8 + 1. Suppose -3*b + 0 = -21. What is the remainder when b is divided by (i/(-6))/(2/20)?
2
What is the remainder when (29 - 0)/((-1)/(-1)) is divided by 8?
5
Suppose 0 = 3*s + s + 84. Let i = 76 + s. What is the remainder when i is divided by (0 - 1)/((-2)/38)?
17
Suppose -y + 2*r + 0*r = -7, 0 = -2*y - 5*r - 4. Let q = 7 - y. What is the remainder when 6 is divided by q?
2
Suppose -34 = 9*w - 340. Let l = 25 - 16. What is the remainder when w is divided by l?
7
Suppose 71 + 241 = 13*t. What is the remainder when 92 is divided by t?
20
Calculate the remainder when (-6)/(1 - 3) - -33 is divided by 10.
6
Let v(m) be the first derivative of -m**4/4 + 5*m**3/3 + 4*m**2 - m - 2. What is the remainder when 41 is divided by v(6)?
8
Suppose -v + 11*v = 140. Calculate the remainder when 68 is divided by v.
12
Let f = 26 + -9. Calculate the remainder when f is divided by ((-3)/(-4))/(3/(-108)*-3).
8
Let b(c) = -4*c + 4. Suppose -8*v - 7 = -9*v. What is the remainder when b(-4) is divided by v?
6
Suppose -3*m = -5*p - 37, -p = -5*p + 4*m - 28. Let q be (12/30)/((-2)/20). Let y = q - p. What is the remainder when y is divided by 3?
1
Suppose 31 = 6*x + 1. What is the remainder when 17 is divided by x?
2
Suppose 5*o + 3*s - 30 = 0, -7*o + 11 = -5*o + s. Suppose 2*p - 52 = -o*g, -2*p - 4 = -3*g + 2*g. Calculate the remainder when 26 is divided by g.
12
Let y(t) = -t**2 + t + 2. Let p be y(2). Suppose 3*v - 111 = -p*v. Let u =